{"id":855,"date":"2025-06-11T13:08:25","date_gmt":"2025-06-11T11:08:25","guid":{"rendered":"https:\/\/drive-club.harbnadra.com\/?post_type=product&#038;p=855"},"modified":"2025-06-11T13:19:48","modified_gmt":"2025-06-11T11:19:48","slug":"circuits-prives-tourisme","status":"publish","type":"product","link":"https:\/\/driveclub9560.fr\/index.php\/produit\/circuits-prives-tourisme\/","title":{"rendered":"Circuits priv\u00e9s &#038; tourisme"},"content":{"rendered":"<p data-start=\"130\" data-end=\"406\">Tr\u00e8s bient\u00f4t, vous pourrez d\u00e9couvrir et r\u00e9server directement tous nos circuits touristiques priv\u00e9s \u00e0 travers l\u2019\u00cele-de-France et au-del\u00e0.<br data-start=\"266\" data-end=\"269\" \/>En attendant, n&rsquo;h\u00e9sitez pas \u00e0 <strong data-start=\"299\" data-end=\"333\">demander un devis personnalis\u00e9<\/strong> pour organiser votre trajet ou escapade sur mesure avec chauffeur priv\u00e9.<\/p>\n","protected":false},"excerpt":{"rendered":"<p data-start=\"130\" data-end=\"406\">Tr\u00e8s bient\u00f4t, vous pourrez d\u00e9couvrir et r\u00e9server directement tous nos circuits touristiques priv\u00e9s \u00e0 travers l\u2019\u00cele-de-France et au-del\u00e0.<br data-start=\"266\" data-end=\"269\" \/>En attendant, n&rsquo;h\u00e9sitez pas \u00e0 <strong data-start=\"299\" data-end=\"333\">demander un devis personnalis\u00e9<\/strong> pour organiser votre trajet ou escapade sur mesure avec chauffeur priv\u00e9.<\/p>\n","protected":false},"featured_media":620,"comment_status":"closed","ping_status":"closed","template":"","meta":[],"product_brand":[],"product_cat":[25],"product_tag":[32],"class_list":{"0":"post-855","1":"product","2":"type-product","3":"status-publish","4":"has-post-thumbnail","6":"product_cat-transferts","7":"product_tag-circuits","9":"first","10":"instock","11":"shipping-taxable","12":"purchasable","13":"product-type-ovabrw_car_rental"},"_links":{"self":[{"href":"https:\/\/driveclub9560.fr\/index.php\/wp-json\/wp\/v2\/product\/855","targetHints":{"allow":["GET"]}}],"collection":[{"href":"https:\/\/driveclub9560.fr\/index.php\/wp-json\/wp\/v2\/product"}],"about":[{"href":"https:\/\/driveclub9560.fr\/index.php\/wp-json\/wp\/v2\/types\/product"}],"replies":[{"embeddable":true,"href":"https:\/\/driveclub9560.fr\/index.php\/wp-json\/wp\/v2\/comments?post=855"}],"wp:featuredmedia":[{"embeddable":true,"href":"https:\/\/driveclub9560.fr\/index.php\/wp-json\/wp\/v2\/media\/620"}],"wp:attachment":[{"href":"https:\/\/driveclub9560.fr\/index.php\/wp-json\/wp\/v2\/media?parent=855"}],"wp:term":[{"taxonomy":"product_brand","embeddable":true,"href":"https:\/\/driveclub9560.fr\/index.php\/wp-json\/wp\/v2\/product_brand?post=855"},{"taxonomy":"product_cat","embeddable":true,"href":"https:\/\/driveclub9560.fr\/index.php\/wp-json\/wp\/v2\/product_cat?post=855"},{"taxonomy":"product_tag","embeddable":true,"href":"https:\/\/driveclub9560.fr\/index.php\/wp-json\/wp\/v2\/product_tag?post=855"}],"curies":[{"name":"wp","href":"https:\/\/api.w.org\/{rel}","templated":true}]}}